
2, 17
Let v = 67 + -84. Let s(n) = -19*n + 91. What are the prime factors of s(v)?
2, 3, 23
Let q(c) be the first derivative of c**3 - 2*c**2 - 10*c + 98. Let w(l) = 5*l**2 + l + 1. Let v be w(-1). List the prime factors of q(v).
3, 5
Let c be (-7)/(-14)*(61 + -1). Suppose i = -c + 134. List the prime factors of i.
2, 13
Suppose -2*z + y = -6, -5*y = 4*z - 1 + 3. Suppose -4*m + v + 1053 = 0, 528 = 10*m - 8*m - z*v. What are the prime factors of m?
263
Let l(i) = 2*i**3 + 2*i**2 - 1. Let a(w) = -50*w**3 + w**2 + 5*w + 3. Let c(r) = a(r) + l(r). What are the prime factors of c(-2)?
2, 97
Suppose 30 = -5*s + p + p, 2*s + 2*p - 2 = 0. Let r(k) = 22*k**2 - 7*k - 7. What are the prime factors of r(s)?
373
Suppose -255*x = -437*x + 5119478. List the prime factors of x.
23, 1223
Let w be 90/(-3 + -89*(-4)/116). Suppose -13*p = 4*q - 18*p - 1026, 5*p - w = -5*q. What are the prime factors of q?
7, 37
Suppose 0 = -2*o - f + 37218, 229*f - 224*f = -o + 18591. List the prime factors of o.
37, 503
Let q = 19525 - 7610. What are the prime factors of q?
5, 2383
Let v be (-20)/(-8)*((-65)/25 - -5). List the prime factors of v + (-290)/1*54/(-12).
3, 19, 23
Suppose a - 5*h + 6 = 3, -3*a + 4*h + 2 = 0. Suppose 9*k = k + 3296. Suppose 5*j - b = 579, -a*b - 75 + k = 3*j. List the prime factors of j.
5, 23
Let w be (222/8 - -1)/((-17)/136). Let h = w - -394. What are the prime factors of h?
2, 41
Let o(f) = f**2 + 4*f + 18. Let i = 155 - 122. Suppose 2*h + i = 13. What are the prime factors of o(h)?
2, 3, 13
Suppose 2*u + 1509 = n, 2*n - 22 = -2*u + 3026. Suppose 8*t - n = -583. What are the prime factors of t?
3, 13
Let t = -12139 + 12836. What are the prime factors of t?
17, 41
Suppose -21*d = 2*q - 19*d - 41950, 104839 = 5*q - 4*d. List the prime factors of q.
67, 313
Let f = 23 - 24. Let h be (-2)/(-3)*(-117)/(-6) - f. Suppose 5*k = 4*n - 361, -3*n + 280 = 4*k - h. What are the prime factors of n?
2, 47
Let d = -11618 - -12710. What are the prime factors of d?
2, 3, 7, 13
Let y(i) = -1 + 5 - 9*i**2 + 1 + 18*i + i**3. Let o be y(6). Suppose -512 = -5*j + n, 0*j - 4*n = -o*j + 518. What are the prime factors of j?
2, 3, 17
Suppose 347*f - 377640 = 307*f. List the prime factors of f.
3, 1049
Suppose 29*c + 1861125 = 102*c + 32*c. What are the prime factors of c?
5, 709
What are the prime factors of -14 + 1 + 6 + 13375?
2, 3, 557
What are the prime factors of 4211*(-1 - (-8)/6) - 3436/(-10308)?
2, 3, 13
Let s be (-3)/((-4)/(-37496)*-3). Suppose 0 = -22*g + s + 636. What are the prime factors of g?
5, 7, 13
Suppose -35*d + 152911 = -190713 + 49834. List the prime factors of d.
2, 3, 1399
Let l = 46 - 44. List the prime factors of ((-1)/2)/((7 + l)/(-11988)).
2, 3, 37
Suppose -2*d - 5*x = -139, -333 = -2*d - 2*d + x. Suppose -16*a + 12*a + 8 = 4*m, 3*a = m + 10. Let r = d + m. What are the prime factors of r?
3
What are the prime factors of (0 + 816)*(3 + (-13)/26)?
2, 3, 5, 17
Suppose -2*o = -5*o + 246. Let z = 128 - o. Suppose -z*x = -44*x - 200. What are the prime factors of x?
2, 5
Let n = 381 + -385. What are the prime factors of ((-3505)/(-20))/(-1)*n?
701
Let w = 417 - 278. Let j = 117 + w. List the prime factors of j.
2
Let n be 48412/42 - 1/(-3). Let k = n - 813. List the prime factors of k.
2, 5, 17
Let j be (-2 + 0)/((-2)/36). Suppose -a + j = 3*a. Suppose -a*n + 680 = -n. List the prime factors of n.
5, 17
Suppose 0 = 5*a - 35240 - 18360. What are the prime factors of (4 - 1)/(4/(a/30))?
2, 67
Let b be 3/(3/15 + (-2)/60). Let u = 32 - 29. Suppose -y - 2*t + 69 + b = 0, -2*y - u*t = -170. List the prime factors of y.
79
Let d(f) = 2*f**2 + 11*f - 1188. What are the prime factors of d(78)?
2, 3, 1973
What are the prime factors of (15*(-8 + 10))/((-20)/(-12410))?
3, 5, 17, 73
Let k = -10 - -13. Let u be (-87)/(-3) - (k - 3 - 3). Suppose u*a - 318 = 30*a. What are the prime factors of a?
3, 53
Let k(s) = 2*s + 1. Let a(y) = y + 1. Let h(b) = 4*b + 6. Let z(m) = 14*a(m) - 2*h(m). Let f(g) = -16*k(g) + 5*z(g). What are the prime factors of f(-12)?
2, 3
Let h be 34/85 + (-1286)/(-10). Suppose -4*u + 211 = -h. List the prime factors of u.
5, 17
Let l = 14 - 23. Let f(i) = -i**2 - 5*i + 20. Let a be f(l). Let c(b) = -b**2 - 21*b - 8. What are the prime factors of c(a)?
2, 3
What are the prime factors of 732/((-28)/(48832/(-48)))?
2, 61, 109
Let r(s) = 3043*s - 4639. What are the prime factors of r(9)?
2, 11, 47
Let u(d) = 5*d**3 - 49*d**2 - 9*d + 7. Let z be u(10). List the prime factors of 28*z*(2 + -1).
2, 7, 17
Let f(o) = -5*o - 11. Let y be f(-3). Suppose -5*r = 4*c - 1054, 839 = y*r + 13*c - 14*c. Let d = -121 + r. List the prime factors of d.
89
Let g = 64 + -56. Suppose -2*v - g = -2, 0 = -x + 2*v + 183. Suppose x = -11*a + 14*a. What are the prime factors of a?
59
Let z be 5/(30/(-112))*30/(-20). Let l be -2*3/2 + 97. Let g = z + l. What are the prime factors of g?
2, 61
Let x(q) = -q**2 + 45*q - 263. Let y be x(7). Let c(g) = -g + 3. Let h be c(0). Suppose -l = -y*l - o + 27, -l + h*o = -3. What are the prime factors of l?
2, 3
Let h = 9280 + 9542. What are the prime factors of h?
2, 3, 3137
Let v(r) = 365*r - 19. Let f be v(-9). Let q be f/36 - 2/9. Let o = q - -196. What are the prime factors of o?
2, 13
Let t(u) = 21*u**2 - 45*u + 509. What are the prime factors of t(54)?
5, 11863
Suppose -80*z = -37*z - 59*z + 91216. What are the prime factors of z?
5701
List the prime factors of (-48)/3 + 18 + (0 - -1895 - -1).
2, 13, 73
Let g be (-2 + -2)/(-2) - (3 - 2). List the prime factors of (1 + 3 + -3)*(g - -120).
11
Let n = 29789 - 16388. List the prime factors of n.
3, 1489
Let q be 2 - (2 + -4 + 1). Let p(x) = 2*x**2 - 7*x + 8. Let j be p(q). Suppose -s - 958 = -j*i + 2*s, 0 = -5*i + 5*s + 960. What are the prime factors of i?
191
List the prime factors of (14/(-2))/(0 + 1 + 5120/(-5116)).
7, 1279
Suppose 0 = -v + 5*c + 83, -2*c + 247 = 8*v - 627. What are the prime factors of v?
2, 3
Let r(p) = -p**2 + 18*p + 7. Let h(y) = -y**2 - y - 2. Let k be h(-7). Let o = -36 - k. List the prime factors of r(o).
3, 29
Let z = -26 + -8. Let g = z - -154. What are the prime factors of g?
2, 3, 5
Suppose 0 = -2*v + 42 + 70. Suppose -v*x + 53*x = -819. What are the prime factors of x?
3, 7, 13
Let g(j) = 316*j + 485. What are the prime factors of g(21)?
7121
Suppose t = 3*t - 4. Suppose -6873*v + 44 = -6862*v. Suppose t*c = -v*b + 36, -3*c + b + 22 = -b. What are the prime factors of c?
2, 5
Let z = 27545 - -11272. What are the prime factors of z?
3, 19, 227
Let f be 4/(8/14) + (-8)/2. Suppose f*n - 8*n = -45. Suppose -n*i + 1349 - 26 = 0. List the prime factors of i.
3, 7
Suppose -638 = -4*l + 2*l. Let t = l - 151. List the prime factors of t.
2, 3, 7
Let w(p) = -2*p**3 + 10*p**2 + 2*p - 5. Suppose 0 = 8*k - 16*k + 40. Let j be w(k). Let m(i) = i**3 - 3*i**2 - 6*i + 8. What are the prime factors of m(j)?
2, 7
Let a(x) = -3*x**2 - 3*x + 2. Let l = -32 - -33. Let i be a(l). Let d(m) = m + 37. List the prime factors of d(i).
3, 11
Suppose -v - 32 = -5*j - 0*j, 3*v = 5*j - 56. Let x(k) = k**3 + 12*k**2 - 10*k + 26. Let g be x(v). Let a = g - 2. List the prime factors of a.
2, 3
Let f(w) = w + 10. Let z be f(-4). Suppose 0 = -5*n - 4*p + 156, 2*p + 100 = 3*n + z*p. Suppose -3*u = k - n, k + 3*u = -u + 23. List the prime factors of k.
43
Suppose 0 = -33*x + 215384 + 160561 - 54921. List the prime factors of x.
2, 19
Let x(q) = 2*q**2 - 78. Let l = -22 - 3. What are the prime factors of x(l)?
2, 293
Suppose -5*j - 519 = -2*h, 4*h + j = 3*h + 263. Suppose 0 = 2*s - h - 26. What are the prime factors of s?
2, 3
Let z(w) = -69*w - 144. Let r(j) = 141*j + 287. Let a(g) = -3*r(g) - 5*z(g). What are the prime factors of a(-10)?
3, 71
Suppose 7*s - 47 = -5. What are the prime factors of s/(6 + 640/(-107))?
3, 107
Suppose -4*d = -1 - 11, 23 = -5*s + d. Let y(j) = 11 - 24*j**2 + 34*j**2 - 2*j**3 + 6*j + j**3. What are the prime factors of y(s)?
211
Let z = -35 - 29. Let o = z - -66. Suppose -5*t = -2*h + 282, 5*h + t = o*t + 659. What are the prime factors of h?
131
Let u(o) = -7*o + 74. Let k be u(-14). Let v = 425 + k. What are the prime factors of v?
3, 199
Let y be 49/2*(6/(-3) + 4). Let r = y - 47. Suppose -7*t + 45 = r*t. What are the prime factors of t?
5
List the prime 